it of (207 + c)*2/3?
2
Let u(a) = 49*a**3 + 2*a**2 - 14*a + 35. Let f be (3*4/3)/((-8)/(-6)). What is the tens digit of u(f)?
3
Let m(r) = -17*r - 77. Let w be m(-5). Suppose -2*i = 4*g - 440, -4*i + w*g = 11*g - 860. What is the hundreds digit of i?
2
Let x(v) = -4*v + 45. Let d(r) = r + 3. Let y be d(7). Let o be x(y). Suppose -o*s = 3*n - 454, -4*n = -12 - 0. What is the units digit of s?
9
Suppose -7*x + 2*x + 128 = y, 84 = 3*x + 3*y. Suppose -h + x = -3*q - 382, 0 = 5*h - 10. What is the units digit of 12/(-1)*(q/(-20))/(-3)?
7
What is the hundreds digit of (3/((-108)/3236))/((-20)/180)?
8
Suppose 7*c = 6*c + 635. Suppose 2*u = -5*j + 385, 10*u - c = 7*u + 4*j. What is the units digit of u?
5
Suppose -1864 = 4*x + 4*s - 212, s = 5*x + 2095. Let j = x - -625. What is the units digit of j?
7
Let g(l) = 14*l**2 - 4*l + 5. Let u be (-4 - (3 - 14)) + -1*4. Suppose u = -2*j - 3. What is the hundreds digit of g(j)?
1
Suppose -13492 = -5*o + 5598. What is the thousands digit of o?
3
Let y(o) = -5*o - 3. Let b be y(6). Let c = 36 + b. Suppose w - 2*w + 2*m = c, -m = -5. What is the units digit of w?
7
Let u be 1 - 4/((-28)/(-49)). What is the units digit of (-15)/(-12) - u/(-24)*-1475?
0
Suppose -5*g + 75700 = -5*w, -3*w + 43711 + 16814 = 4*g. What is the tens digit of g?
3
Let t(u) = 8646*u**2 - 15*u - 5. What is the units digit of t(-1)?
6
Let n be (2 + -52)/(8/(-92)). Let p(d) = -46*d + 1. Let j be p(-1). Suppose -8*m + n = j. What is the units digit of m?
6
Let j(v) = -v**3 + 12*v + 14. Let g be j(-3). Suppose -2*m = 5*q - 10*q + 2517, 0 = g*m - 20. What is the hundreds digit of q?
5
Suppose -91 = 6*a - 487. Let k = a + -36. What is the hundreds digit of 2*5/k*393?
1
Let q = 24 - 27. Let t(x) = 4*x**2 + 6*x + 1. Let f be t(q). Suppose 0 = -l + 66 + f. What is the tens digit of l?
8
Suppose 136*w + 535575 = 161*w. What is the thousands digit of w?
1
Let x(j) = -63*j - 258. What is the hundreds digit of x(-25)?
3
Let h(c) = -6*c**3 - 27*c**2 - 9*c - 20. Let q(g) = g**3 + 5*g**2 + 2*g + 4. Let x(t) = 2*h(t) + 11*q(t). What is the hundreds digit of x(-6)?
2
Let q(s) = -7*s + 5. Let m be q(2). Suppose 2*t + 116 + 66 = -5*h, -5*h + 20 = 0. What is the units digit of t/m + 4/(-18)?
1
Let m = 34 + -33. Let g(p) = 173*p**2 - 1. Let v be g(m). What is the tens digit of (4 - 3)/(2/v)?
8
Let o(l) = 16*l - 2*l + 179 - 150 + l**3 - 13*l**2. Let v be o(12). Suppose -2*p + 203 = v. What is the units digit of p?
5
Suppose 202155 = 27*h - 222798. What is the tens digit of h?
3
Let v be (-60)/(-90) + (-2)/(-6). Let z(o) = 149*o + 8. What is the units digit of z(v)?
7
Suppose -5*v + 1993 = 2*q, -4*v + 952 = 4*q - 640. Let l = v + 21. What is the hundreds digit of l?
4
Let s(t) be the first derivative of -11*t**2 - 67*t - 16. What is the hundreds digit of s(-16)?
2
Suppose -3*s + 4*r + 24 = 0, 0 = -8*s + 10*s - r - 11. Suppose -3*p + 5 + s = 0, 0 = 3*a + 2*p - 1503. What is the hundreds digit of a?
4
Suppose 20*q - 302494 - 77906 = 0. What is the ten thousands digit of q?
1
Let x = -41903 + 72819. What is the units digit of x?
6
Let v(d) = 59*d + 22. Let o = -35 + 27. Let g be v(o). What is the tens digit of (g/(-27))/(1/3)?
5
Suppose 102*q = 106*q - 772. What is the tens digit of q + (6 - 5) + 8?
0
Let d be 2*(1695/6 - -2). Suppose 86*k = 709 - 279. Suppose -k*a = 3*u - d, -2*u - 5*a = 2*u - 752. What is the hundreds digit of u?
1
Suppose 2*u = -4*x + 18, -u - 5*x + 6 = -4*u. Suppose u*m = 654 + 1566. What is the units digit of m?
0
Suppose 10*g - 65 = 15. What is the thousands digit of -9 - ((-1087)/1 - g)?
1
Let m(j) be the first derivative of 13*j**3/3 - 23*j**2/2 - 81*j - 65. What is the hundreds digit of m(-5)?
3
Let l(x) = -2*x**3 + 84*x**2 + 19*x + 176. What is the ten thousands digit of l(32)?
2
Suppose -j + 96 = 4*s, -3*j = -3*s - 12 - 291. Suppose -9528 = -112*u + j*u. What is the units digit of u?
4
Suppose -90*k + 172*k + 109208 = 93*k. What is the hundreds digit of k?
9
Suppose 5*x = -r + 6*r - 110, -3*x = 4*r + 38. What is the units digit of (107 + -1)*(-1)/(4/x)?
7
Suppose -b - b = 5*g - 479123, -4*b + 383284 = 4*g. What is the thousands digit of g?
5
Let h = 17275 - 16152. What is the units digit of h?
3
Let p = -690 + 705. What is the tens digit of ((-286900)/p)/(-20) - (-10)/6?
5
Suppose -r - 9 = 2*r. Let n be (r/2)/(1/(-48)). Suppose w - n = -2*w. What is the tens digit of w?
2
Let w(s) = -49*s - 1. Let r = 47 + -56. Let p be w(r). Suppose 4*y + 12 = -8, p = 4*h - 4*y. What is the hundreds digit of h?
1
Suppose -5*h = -20, -2*h = 2*v - 2378 - 14280. Suppose 12*r = 5211 + v. What is the hundreds digit of r?
1
Let l(k) = 8454*k**2 - 5*k + 2. What is the hundreds digit of l(-1)?
4
Let r be ((-7)/3)/((16/300)/4). Let o = -666 + 266. Let c = r - o. What is the tens digit of c?
2
Suppose 5 - 1 = -y, -y - 8 = -4*k. Let l(v) = 89*v**3 + 2*v - 1. Let d be l(k). Let b = 153 - d. What is the units digit of b?
3
Let p be (-1602)/((-23)/((-460)/(-30))). Let g be 6/(4/(-6)*-3). Suppose g*z + 2*k = 776, z - p = -3*z + 4*k. What is the hundreds digit of z?
2
What is the ten thousands digit of 18753 + (11 - 15 - 2)?
1
Suppose 5*x + 4*w - 59 = 2*x, -x = -4*w - 25. Suppose -19*f + x*f - 700 = 0. What is the hundreds digit of f?
3
Suppose -140*h + 1421518 = -96*h + 275010. What is the hundreds digit of h?
0
Let w(f) be the first derivative of -6*f**2 - 46*f - 6*f + 3 - 11*f + 3. What is the units digit of w(-6)?
9
Suppose -2*l - 4 = 0, -3*d = 34*l - 31*l - 134619. What is the thousands digit of d?
4
Suppose -4*t - 4*z + 2 + 2 = 0, -4*t - 1 = 5*z. Let a be (t/(-15))/((-2)/25). What is the units digit of 72/(-20)*-39 - (-3)/a?
1
Let f be 172/(-20) - (-27)/45. Let c(i) = 16*i**2 - 4*i - 54. What is the tens digit of c(f)?
0
Suppose 178201 = 22*t - 0*t - 303467. What is the units digit of t?
4
Suppose 8*i = 58 - 26. What is the units digit of 160/(-12)*(i + (-532)/16)?
0
Let n(j) be the first derivative of 93*j**2/2 - 21*j + 12. Let y be n(6). Suppose -4*k + 139 = -y. What is the tens digit of k?
6
Let c(z) = -358*z - 32. Let x be c(-2). Suppose 2*m - x = -4*h, -1688 = -5*m + 9*h - 8*h. What is the tens digit of m?
3
Let t = 32224 - 15695. What is the ten thousands digit of t?
1
Suppose 15*s - 63724 = 1916. What is the thousands digit of s?
4
What is the thousands digit of (13 + -634)*(-56)/6?
5
Let n be (57/(-95))/(((-2)/(-10))/(-1)). Suppose 0 = n*v - 12, -j + 167 + 173 = 2*v. What is the hundreds digit of j?
3
Let x(g) = -g**2 - 12*g + 89. Let k be x(-19). Let s = 409 + k. What is the units digit of s?
5
Let z = -2992 + 9693. What is the units digit of z?
1
Let j be (-2)/(-8) + (-420)/80 + -33. Let w = 177 + j. What is the hundreds digit of w?
1
Suppose 31*n = -2*n + 4224. Suppose -n*h + 131*h = 777. What is the hundreds digit of h?
2
Let v = 182 + -176. Let g(w) = -w**3 + 13*w**2 + 4*w - 11. What is the units digit of g(v)?
5
What is the ten thousands digit of 3/30*4 + (-198386)/(-10)?
1
Let m(y) = 329*y + 5. Let t be m(1). Let k = 675 - t. What is the tens digit of k?
4
Let i = 72 - 10. Let l be 210/(-2835) - (-29)/27. Suppose -2*y - n = -l - 114, y - n = i. What is the tens digit of y?
5
Suppose -330*f + 358*f = 13412. Suppose -z = 2*z - 18. Suppose 83 = -z*n + f. What is the units digit of n?
6
Suppose -1193339 = -104*b + 537845 + 912184. What is the tens digit of b?
1
Suppose -21*a = -13*a + 32. What is the hundreds digit of (44 - a)*((-63)/(-6) - 5)?
2
Suppose 2154 + 77893 = 10*m - 52883. What is the units digit of m?
3
Let k(p) = -p**3 + 5*p**2 - 4*p + 5. Let i be k(4). Suppose j = -3*f + 2490, 16*f - 18*f + 1673 = i*j. What is the tens digit of f?
2
Let a(f) = 440*f + 2459. What is the tens digit of a(11)?
9
Let q(m) = -m**3 + 39*m**2 + 51*m - 218. What is the units digit of q(30)?
2
Let s = 4463 + -3109. Suppose 0 = 1359*y - s*y - 6280. What is the tens digit of y?
5
Suppose 30*t - 25*t - 1235520 = -83*t. What is the ten thousands digit of t?
1
Suppose -60 + 92 = 8*g. Let h(w) = 12*w**2 - 10*w + 16. What is the tens digit of h(g)?
6
What is the ten thousands digit of (-441)/(-21) + -20 - -32419?
3
Let w be 105/28 - 3/(-12). Suppose 5*u + 2*h = 545, 0 = -0*u - u - w*h + 109. What is the hundreds digit of u?
1
Let o = 457 - 440. Let f(c) = 3*c**2 + 43*c